{"id":64,"date":"2020-10-25T14:51:19","date_gmt":"2020-10-25T13:51:19","guid":{"rendered":"https:\/\/wohnen-in-bentwisch.de\/?page_id=64"},"modified":"2026-05-03T21:24:18","modified_gmt":"2026-05-03T19:24:18","slug":"impressum-2","status":"publish","type":"page","link":"https:\/\/stephan.immo\/?page_id=64","title":{"rendered":"Impressum"},"content":{"rendered":"<div  data-label=\"Impressum\" data-id=\"content--1\" data-export-id=\"content-12\" data-category=\"content\" class=\"content-12 content-section content-section-spacing\" id=\"impressum\" style=\"background-color: rgb(255, 255, 255);\"><div  class=\"gridContainer\"> <div  class=\"row text-center\"><div  class=\"section-title-col\" data-type=\"column\"><p  class=\"lead\" style=\"text-align: left;\"><span  style=\"font-weight: 700;\">Angaben gem\u00e4\u00df \u00a7 5 DDG<br >\n<span  style=\"font-weight: 300;\">Stephan Immobilien &amp; Beteiligungs GmbH<\/span><br ><span  style=\"font-weight: 300;\">\nAm Graben 2<\/span><br ><span  style=\"font-weight: 300;\">\n18182 Bentwisch\n<br ><\/span><br >\n<span  style=\"font-weight: 300;\">Vertreten durch die Gesch\u00e4ftsf\u00fchrer:<\/span><br ><span  style=\"font-weight: 300;\">\nKatharina Stephan<\/span><br ><span  style=\"font-weight: 300;\">\nSebastian Stephan\n<br ><\/span><br ><span  style=\"font-weight: 300;\">\nHandelsregister:<\/span><br ><span  style=\"font-weight: 300;\">\nAmtsgericht Rostock, HRB 17126\n<br ><\/span><br ><span  style=\"font-weight: 300;\">\nKontakt:<\/span><br ><span  style=\"font-weight: 300;\">\nTelefon: 0381 \/ 660 9999 0<\/span><br ><span  style=\"font-weight: 300;\">\nE-Mail: info (at) stephan.immo\n<\/span><br ><br ><br >\nHinweis zu den auf dieser Website dargestellten Projektgesellschaften\n<br ><br >\nProjekt \u201eWohnen in Bentwisch \u2013 Hallershof\u201c:<br >\n<span  style=\"font-weight: 300;\">Stephan Immobilien Bentwisch eGbR<\/span><br ><span  style=\"font-weight: 300;\">\nAm Graben 2<\/span><br ><span  style=\"font-weight: 300;\">\n18182 Bentwisch\n<br ><\/span><br ><span  style=\"font-weight: 300;\">\nVertretungsberechtigte Gesellschafter:<\/span><br ><span  style=\"font-weight: 300;\">\nKatharina Stephan<\/span><br ><span  style=\"font-weight: 300;\">\nSebastian Stephan\n<br ><\/span><br ><span  style=\"font-weight: 300;\">\nGesellschaftsregister:<\/span><br ><span  style=\"font-weight: 300;\">\nAmtsgericht Rostock, GsR 332\n<\/span><br ><br >\nProjekt \u201eWohnen in Sanitz\u201c:<br >\n<span  style=\"font-weight: 300;\">Stephan Immobilien Sanitz GmbH &amp; Co. KG<\/span><br ><span  style=\"font-weight: 300;\">\nAm Graben 2<\/span><br ><span  style=\"font-weight: 300;\">\n18182 Bentwisch\n<br ><\/span><br ><span  style=\"font-weight: 300;\">\nSitz: Bentwisch<\/span><br ><span  style=\"font-weight: 300;\">\nHandelsregister:<\/span><br ><span  style=\"font-weight: 300;\">\nAmtsgericht Rostock, HRA 5641\n<br ><\/span><br ><span  style=\"font-weight: 300;\">\nPers\u00f6nlich haftende Gesellschafterin:\n<\/span><br ><span  style=\"font-weight: 300;\">\nStephan Immobilien &amp; Beteiligungs GmbH\n<br ><\/span><br ><span  style=\"font-weight: 300;\">\nSitz: Bentwisch<\/span><br ><span  style=\"font-weight: 300;\">\nAmtsgericht Rostock, HRB 17126\n<br ><\/span><br ><span  style=\"font-weight: 300;\">\nGesch\u00e4ftsf\u00fchrer:<\/span><br ><span  style=\"font-weight: 300;\">\nKatharina Stephan<\/span><br ><span  style=\"font-weight: 300;\">\nSebastian Stephan\n<\/span><br ><br >\nProjekt \u201eWohnen in Goorstorf\u201c:<br >\n<span  style=\"font-weight: 300;\">Stephan Immobilien Goorstorf GmbH &amp; Co. KG<\/span><br ><span  style=\"font-weight: 300;\">\nAm Graben 2<\/span><br ><span  style=\"font-weight: 300;\">\n18182 Bentwisch\n<br ><\/span><br ><span  style=\"font-weight: 300;\">\nSitz: Bentwisch<\/span><br ><span  style=\"font-weight: 300;\">\nHandelsregister:<\/span><br ><span  style=\"font-weight: 300;\">\nAmtsgericht Rostock, HRA 5743\n<br ><\/span><br ><span  style=\"font-weight: 300;\">\nPers\u00f6nlich haftende Gesellschafterin:<\/span><br ><span  style=\"font-weight: 300;\">\nStephan Immobilien &amp; Beteiligungs GmbH\n<br ><\/span><br ><span  style=\"font-weight: 300;\">\nSitz: Bentwisch<\/span><br ><span  style=\"font-weight: 300;\">\nAmtsgericht Rostock, HRB 17126\n<br ><\/span><br ><span  style=\"font-weight: 300;\">\nGesch\u00e4ftsf\u00fchrer:<\/span><br ><span  style=\"font-weight: 300;\">\nKatharina Stephan<\/span><br ><span  style=\"font-weight: 300;\">\nSebastian Stephan\n<\/span><br ><br >\n<span  style=\"font-weight: 300;\">Wir sind nicht bereit oder verpflichtet, an Streitbeilegungsverfahren vor einer Verbraucherschlichtungsstelle teilzunehmen.\n<br ><\/span><br >\nHaftung f\u00fcr Inhalte<br >\n<span  style=\"font-weight: 300;\">Als Diensteanbieter sind wir f\u00fcr eigene Inhalte auf diesen Seiten nach den allgemeinen Gesetzen verantwortlich.\n<\/span><br ><br >\nHaftung f\u00fcr Links<br >\n<span  style=\"font-weight: 300;\">Unser Angebot enth\u00e4lt Links zu externen Websites Dritter, auf deren Inhalte wir keinen Einfluss haben. F\u00fcr diese fremden Inhalte \u00fcbernehmen wir keine Gew\u00e4hr. F\u00fcr die Inhalte der verlinkten Seiten ist stets der jeweilige Anbieter oder Betreiber der Seiten verantwortlich. Bei Bekanntwerden von Rechtsverletzungen werden wir derartige Links umgehend entfernen.\n<\/span><br ><br >\nUrheberrecht<br >\n<span  style=\"font-weight: 300;\">Die durch den Seitenbetreiber erstellten Inhalte und Werke auf diesen Seiten unterliegen dem deutschen Urheberrecht. Jede Verwertung au\u00dferhalb der Grenzen des Urheberrechts bedarf der vorherigen schriftlichen Zustimmung des jeweiligen Rechteinhabers. Sollten Sie auf eine Urheberrechtsverletzung aufmerksam werden, bitten wir um einen entsprechenden Hinweis. Bei Bekanntwerden von Rechtsverletzungen werden wir derartige Inhalte umgehend entfernen.<\/span><\/span><\/p>  <\/div> <\/div> <div  class=\"row center-xs middle-xs\"> <div  class=\"col-sm-9\" data-type=\"column\"> <\/div> <\/div><\/div> <\/div>","protected":false},"excerpt":{"rendered":"<p>Angaben gem\u00e4\u00df \u00a7 5 DDG Stephan Immobilien &amp; Beteiligungs GmbH Am Graben 2 18182 Bentwisch Vertreten durch die Gesch\u00e4ftsf\u00fchrer: Katharina Stephan Sebastian Stephan Handelsregister: Amtsgericht Rostock, HRB 17126 Kontakt: Telefon: 0381 \/ 660 9999 0 E-Mail: info (at) stephan.immo Hinweis zu den auf dieser Website dargestellten Projektgesellschaften Projekt \u201eWohnen in Bentwisch \u2013 Hallershof\u201c: Stephan Immobilien&hellip; <br \/> <a class=\"read-more\" href=\"https:\/\/stephan.immo\/?page_id=64\">Read more<\/a><\/p>\n","protected":false},"author":1,"featured_media":61,"parent":0,"menu_order":0,"comment_status":"closed","ping_status":"closed","template":"","meta":{"footnotes":""},"class_list":["post-64","page","type-page","status-publish","has-post-thumbnail","hentry"],"aioseo_notices":[],"_links":{"self":[{"href":"https:\/\/stephan.immo\/index.php?rest_route=\/wp\/v2\/pages\/64","targetHints":{"allow":["GET"]}}],"collection":[{"href":"https:\/\/stephan.immo\/index.php?rest_route=\/wp\/v2\/pages"}],"about":[{"href":"https:\/\/stephan.immo\/index.php?rest_route=\/wp\/v2\/types\/page"}],"author":[{"embeddable":true,"href":"https:\/\/stephan.immo\/index.php?rest_route=\/wp\/v2\/users\/1"}],"replies":[{"embeddable":true,"href":"https:\/\/stephan.immo\/index.php?rest_route=%2Fwp%2Fv2%2Fcomments&post=64"}],"version-history":[{"count":15,"href":"https:\/\/stephan.immo\/index.php?rest_route=\/wp\/v2\/pages\/64\/revisions"}],"predecessor-version":[{"id":519,"href":"https:\/\/stephan.immo\/index.php?rest_route=\/wp\/v2\/pages\/64\/revisions\/519"}],"wp:featuredmedia":[{"embeddable":true,"href":"https:\/\/stephan.immo\/index.php?rest_route=\/wp\/v2\/media\/61"}],"wp:attachment":[{"href":"https:\/\/stephan.immo\/index.php?rest_route=%2Fwp%2Fv2%2Fmedia&parent=64"}],"curies":[{"name":"wp","href":"https:\/\/api.w.org\/{rel}","templated":true}]}}